nvert -7 (base 13) to base 16.
-7
Convert 4 (base 9) to base 8.
4
Convert 0 (base 7) to base 2.
0
-1 (base 13) to base 6
-1
Convert 22 (base 3) to base 12.
8
Convert 7 (base 11) to base 10.
7
Convert 3 (base 13) to base 3.
10
-3132 (base 5) to base 12
-2a9
Convert -21212 (base 3) to base 7.
-422
18 (base 16) to base 12
20
What is 3 (base 12) in base 15?
3
Convert -9 (base 14) to base 9.
-10
-110000 (base 2) to base 5
-143
Convert -111011 (base 2) to base 14.
-43
1 (base 11) to base 7
1
Convert -36 (base 9) to base 8.
-41
-25 (base 7) to base 2
-10011
-63 (base 13) to base 8
-121
111 (base 5) to base 16
1f
Convert -1 (base 6) to base 2.
-1
-86 (base 9) to base 8
-116
Convert -131 (base 7) to base 8.
-107
-11 (base 13) to base 3
-112
Convert 16 (base 14) to base 8.
24
What is -25 (base 8) in base 14?
-17
12 (base 7) to base 16
9
What is 6 (base 9) in base 6?
10
Convert -10 (base 8) to base 10.
-8
Convert 3 (base 10) to base 2.
11
Convert -2 (base 6) to base 2.
-10
What is -19 (base 15) in base 8?
-30
-13 (base 7) to base 11
-a
What is 2 (base 16) in base 14?
2
Convert -5 (base 7) to base 11.
-5
What is 46 (base 7) in base 15?
24
116 (base 11) to base 15
93
e (base 15) to base 14
10
What is -12 (base 13) in base 14?
-11
-1 (base 15) to base 16
-1
Convert -3 (base 11) to base 16.
-3
112 (base 12) to base 3
12212
Convert -36 (base 13) to base 12.
-39
Convert -107 (base 9) to base 14.
-64
10 (base 7) to base 5
12
Convert 0 (base 12) to base 9.
0
-14 (base 7) to base 3
-102
110 (base 8) to base 6
200
Convert 41 (base 11) to base 16.
2d
Convert -21 (base 9) to base 16.
-13
-a (base 15) to base 3
-101
What is 2 (base 4) in base 6?
2
Convert -100 (base 4) to base 7.
-22
Convert -22 (base 11) to base 12.
-20
Convert -5e (base 15) to base 7.
-155
What is 24 (base 7) in base 13?
15
Convert -5c (base 15) to base 7.
-153
8 (base 13) to base 6
12
What is 40 (base 6) in base 2?
11000
Convert 5 (base 11) to base 6.
5
Convert -2 (base 3) to base 13.
-2
-26 (base 15) to base 12
-30
Convert 13 (base 11) to base 12.
12
What is 2122 (base 3) in base 13?
56
-1f (base 16) to base 8
-37
Convert -11010 (base 2) to base 11.
-24
1011 (base 6) to base 10
223
1b (base 12) to base 14
19
-102 (base 5) to base 8
-33
What is 144 (base 7) in base 9?
100
5 (base 10) to base 12
5
Convert 16 (base 7) to base 14.
d
332 (base 4) to base 7
116
Convert 2 (base 13) to base 15.
2
41 (base 13) to base 16
35
Convert -2 (base 13) to base 9.
-2
Convert -11000111 (base 2) to base 16.
-c7
What is -55 (base 16) in base 7?
-151
What is 0 (base 4) in base 5?
0
6 (base 9) to base 12
6
Convert -21002 (base 3) to base 14.
-d9
Convert 3 (base 6) to base 11.
3
What is 42 (base 8) in base 7?
46
27 (base 10) to base 14
1d
What is -186 (base 11) in base 10?
-215
Convert 7 (base 8) to base 10.
7
Convert -1 (base 6) to base 7.
-1
What is -31 (base 6) in base 3?
-201
What is 2 (base 3) in base 5?
2
Convert -10101 (base 2) to base 6.
-33
1000 (base 2) to base 7
11
Convert 3 (base 16) to base 6.
3
What is -42 (base 6) in base 7?
-35
-9 (base 14) to base 9
-10
What is 151 (base 8) in base 6?
253
What is 12 (base 11) in base 10?
13
What is 29 (base 10) in base 3?
1002
Convert 10 (base 13) to base 5.
23
What is 243 (base 5) in base 9?
81
Convert 20 (base 13) to base 12.
22
What is 0 (base 5) in base 4?
0
Convert 4 (base 10) to base 15.
4
-8 (base 10) to base 16
-8
What is 0 (base 15) in base 3?
0
What is -66 (base 9) in base 7?
-114
What is 84 (base 12) in base 7?
202
-8 (base 12) to base 6
-12
2a (base 16) to base 6
110
What is 3 (base 7) in base 5?
3
2001 (base 3) to base 13
43
216 (base 8) to base 3
12021
101 (base 2) to base 9
5
Convert 27 (base 13) to base 5.
113
-101 (base 3) to base 14
-a
3 (base 10) to base 16
3
What is 8a (base 11) in base 10?
98
4 (base 15) to base 12
4
-42 (base 7) to base 4
-132
Convert -1 (base 13) to base 4.
-1
-302 (base 4) to base 15
-35
Convert -2 (base 10) to base 7.
-2
-521 (base 8) to base 3
-110111
What is -22 (base 11) in base 2?
-11000
-1 (base 5) to base 9
-1
Convert -2 (base 6) to base 4.
-2
What is 29 (base 14) in base 13?
2b
Convert -61 (base 9) to base 7.
-106
-10 (base 9) to base 10
-9
Convert -47 (base 12) to base 9.
-61
What is -1000 (base 2) in base 13?
-8
Convert -5 (base 9) to base 15.
-5
0 (base 6) to base 3
0
Convert -31 (base 7) to base 15.
-17
What is -52 (base 13) in base 7?
-124
Convert -106 (base 7) to base 6.
-131
What is 2 (base 12) in base 13?
2
Convert -38 (base 15) to base 6.
-125
0 (base 8) to base 2
0
What is -1210 (base 3) in base 9?
-53
100111001 (base 2) to base 5
2223
Convert -1221 (base 3) to base 5.
-202
What is -c (base 16) in base 12?
-10
-213 (base 5) to base 8
-72
What is 8 (base 15) in base 14?
8
-101 (base 2) to base 16
-5
Convert 0 (base 4) to base 9.
0
13 (base 6) to base 11
9
What is 211 (base 10) in base 16?
d3
a (base 14) to base 11
a
What is 47 (base 9) in base 15?
2d
Convert -3 (base 15) to base 13.
-3
Convert 6 (base 11) to base 9.
6
Convert 47 (base 14) to base 6.
143
-100 (base 2) to base 7
-4
-4 (base 14) to base 3
-11
What is 1 (base 9) in base 8?
1
What is 0 (base 14) in base 7?
0
66 (base 10) to base 15
46
What is 32 (base 14) in base 12?
38
-6b (base 12) to base 16
-53
Convert -1000111 (base 2) to base 14.
-51
What is 8 (base 15) in base 5?
13
-2 (base 6) to base 13
-2
23 (base 9) to base 8
25
What is -4 (base 11) in base 14?
-4
-110101 (base 2) to base 14
-3b
Convert 1101 (base 3) to base 2.
100101
4 (base 9) to base 4
10
What is -11 (base 4) in base 8?
-5
What is 12 (base 6) in base 12?
8
What is -20 (base 5) in base 10?
-10
11 (base 2) to base 4
3
Convert 9 (base 14) to base 10.
9
-547 (base 8) to base 13
-218
What is -1d (base 14) in base 3?
-1000
What is 16 (base 15) in base 2?
10101
-4 (base 5) to base 13
-4
1012 (base 3) to base 7
44
Convert c (base 13) to base 7.
15
Convert 33 (base 6) to base 15.
16
-13 (base 5) to base 11
-8
Convert 2 (base 10) to base 16.
2
3 (base 8) to base 7
3
1221 (base 4) to base 10
105
What is -4 (base 8) in base 4?
-10
What is 6 (base 14) in base 6?
10
What is -11 (base 15) in base 16?
-10
-5 (base 12) to base 10
-5
What is -2 (base 3) in base 9?
-2
Convert -12 (base 3) to base 10.
-5
12 (base 15) to base 5
32
Convert -3 (base 9) to base 5.
-3
What is -10 (base 2) in base 5?
-2
What is 1 (base 3) in base 12?
1
What is 101 (base 7) in base 10?
50
Convert -6 (base 10) to base 11.
-6
Convert 0 (base 12) to base 8.
0
-100 (base 3) to base 13
-9
-7 (base 8) to base 14
-7
Convert -72 (base 16) to base 11.
-a4
-a (base 13) to base 2
-1010
What is 13 (base 5) in base 13?
8
Convert -16 (base 10) to base 7.
-22
6 (base 9) to base 16
6
Convert 120 (base 8) to base 5.
310
Convert -49 (base 13) to base 6.
-141
Convert -33 (base 5) to base 12.
-16
What is 13 (base 8) in base 7?
14
What is 0 (base 12) in base 5?
0
-1 (base 4) to base 14
-1
-54 (base 6) to base 2
-100010
Convert -12 (base 7) to base 5.
-14
52 (base 9) to base 15
32
What is -12 (base 4) in base 2?
-110
Convert 3 (base 6) to base 4.
3
-7 (base 15) to base 12
-7
111 (base 4) to base 16
15
Convert 8 (base 12) to base 8.
10
Convert -11111 (base 2) to base 3.
-1011
Convert -7 (base 12) to base 8.
-7
Convert -13 (base 15) to base 14.
-14
What is 5 (base 15) in base 16?
5
Convert -3 (base 14) to base 16.
-3
What is 1000 (base 2) in base 11?
8
Convert -4 (base 13) to base 14.
-4
11 (base 5) to base 7
6
-321 (base 5) to base 7
-152
Convert -10 (base 14) to base 8.
-16
4d (base 14) to base 9
76
Convert -36 (base 15) to base 2.
-110011
Convert 26 (base 9) to base 6.
40
36 (base 13) to base 12
39
What is -2 (base 6) in base 11?
-2
What is 8 (base 9) in base 7?
11
Convert -17 (base 12) to base 3.
-201
23 (base 6) to base 2
1111
2020 (base 3) to base 15
40
1 (base 8) to base 9
1
What is -8 (base 11) in base 3?
-22
Convert -2 (base 7) to base 4.
-2
Convert 1 (base 13) to base 12.
1
-2 (base 4) to base 7
-2
11 (base 5) to base 2
110
-3 (base 7) to base 5
-3
352 (base 7) to base 14
d2
12121 (base 3) to base 8
227
3 (base 4) to base 5
3
What is -22 (base 13) in base 6?
-44
-111 (base 2) to base 14
-7
-5 (base 16) to base 14
-5
30 (base 6) to base 16
12
Convert -1001101 (base 2) to base 6.
-205
-136 (base 14) to base 10
-244
Convert 4 (base 11) to bas